3.
200200022212
Convert 4435560 (base 7) to base 3.
1000210101100
Convert -11001100000101001010 (base 2) to base 12.
-3438b6
What is 223310 (base 8) in base 14?
1d704
23440233 (base 5) to base 15
449b3
Convert -58d918 (base 14) to base 4.
-23210230302
Convert 102031401 (base 5) to base 3.
210112120211
-1200222 (base 4) to base 16
-182a
What is c1581 (base 14) in base 3?
212121121220
What is -55c01 (base 14) in base 8?
-626431
Convert -40401223 (base 6) to base 11.
-716971
What is 12833240 (base 10) in base 16?
c3d1d8
Convert 79e2b7 (base 16) to base 12.
281275b
11875a (base 11) to base 2
101101101101110100
79c8 (base 13) to base 8
41250
Convert 6719034 (base 10) to base 5.
3210002114
Convert -11c1db (base 15) to base 6.
-30123255
What is 117721 (base 8) in base 9?
62108
24169 (base 13) to base 10
66166
What is -556853 (base 9) in base 3?
-121220221210
What is 2595129 (base 10) in base 16?
279939
1254670 (base 9) to base 12
290a69
-1144120341 (base 5) to base 12
-ab3b31
2013302332 (base 4) to base 11
34a997
Convert 421929a (base 12) to base 2.
101111100110011101010110
Convert 101110110100101000011010 (base 2) to base 9.
25077032
What is 470015 (base 9) in base 8?
1047031
-10411340343 (base 5) to base 9
-23456255
Convert 73872 (base 15) to base 2.
1011001011101000111
What is 2111221 (base 4) in base 14?
36c1
-664170 (base 11) to base 8
-4025532
Convert 18e95 (base 16) to base 15.
20377
3ac53 (base 13) to base 6
2204033
What is -12073685 (base 10) in base 9?
-24641875
34528 (base 15) to base 11
104139
-3a707 (base 13) to base 14
-2b947
What is -277522 (base 9) in base 14?
-45b0d
What is -668b2c (base 13) in base 5?
-1104343342
Convert 11325 (base 13) to base 6.
400520
What is 325325 (base 8) in base 12?
53299
What is 250003515 (base 6) in base 13?
ca8629
Convert -3d862 (base 14) to base 16.
-253fe
Convert 10001001001101111 (base 2) to base 14.
1b863
What is -77546 (base 10) in base 13?
-293b1
-851355 (base 9) to base 7
-4205600
What is -2736d (base 15) in base 10?
-125653
What is -10560a3 (base 11) in base 12?
-754315
Convert -201403 (base 5) to base 2.
-1100101001110
What is -560ca (base 15) in base 6?
-5510301
-13204432 (base 5) to base 16
-2031b
Convert -11087 (base 15) to base 7.
-313543
30200231 (base 4) to base 2
1100100000101101
227867 (base 10) to base 15
477b2
17b2a1 (base 15) to base 12
476444
What is 5dc82 (base 15) in base 16?
4932e
What is -8782991 (base 10) in base 6?
-512125555
What is 47a2266 (base 11) in base 14?
1179a43
Convert 111111001101001110 (base 2) to base 10.
258894
Convert -13120223111 (base 4) to base 8.
-7305325
Convert 213130100 (base 4) to base 16.
27710
105460 (base 7) to base 10
18760
Convert -82243 (base 13) to base 6.
-4555551
Convert -50320415 (base 6) to base 4.
-11130011123
Convert 5263650 (base 7) to base 13.
1942bc
-214638 (base 13) to base 10
-780996
Convert -204a545 (base 11) to base 3.
-20210200201222
-202345052 (base 6) to base 9
-6486565
Convert 35a7b1 (base 16) to base 8.
15323661
11011030311 (base 4) to base 9
2450163
What is 12e1e (base 15) in base 3?
10002001202
What is 3658 (base 15) in base 4?
2310212
What is 142601 (base 12) in base 13?
b9c98
What is 1ba4c (base 14) in base 9?
116785
Convert 123095 (base 11) to base 14.
50bdc
Convert -5634120 (base 7) to base 16.
-aa57d
What is 302300310 (base 4) in base 3?
101120012220
What is -723137 (base 8) in base 5?
-30123244
Convert -135536 (base 8) to base 15.
-e32b
What is 317534 (base 8) in base 15?
2178c
What is 300161 (base 9) in base 5?
21133113
1050869 (base 11) to base 4
13002220301
Convert -43230414 (base 5) to base 2.
-1011001101111111001
What is -39a96a (base 13) in base 16?
-15474b
What is -323211311 (base 5) in base 4?
-11101123001
237299 (base 12) to base 3
1002002011000
Convert 10000011100011000110 (base 2) to base 8.
2034306
Convert -32d927 (base 16) to base 8.
-14554447
Convert -12b3d (base 14) to base 8.
-132043
What is 101001000111101001001 (base 2) in base 9?
2473252
Convert 1021846 (base 9) to base 14.
102d8a
147533 (base 10) to base 2
100100000001001101
Convert 369a3 (base 12) to base 14.
1cd75
What is 44330063 (base 7) in base 3?
21012012101202
Convert 10120220021 (base 3) to base 7.
412642
What is 2010001211110 (base 3) in base 9?
2101743
What is 1031944 (base 14) in base 15?
a1171c
Convert 38a37 (base 13) to base 8.
315043
What is -1112001200101 (base 3) in base 2?
-11000101010100100100
-1202230313 (base 4) to base 3
-202112120022
Convert -52111 (base 13) to base 2.
-100011111110110110
What is 661610 (base 8) in base 12?
a8634
What is 8bb9a (base 14) in base 3?
122021010100
-2102120130 (base 4) to base 3
-1010110110200
-40043141 (base 5) to base 15
-636d1
111022210120001 (base 3) to base 14
d24c2c
What is -1a007 (base 12) in base 2?
-1001010010000111
What is 451246 (base 7) in base 4?
103131130
What is -6bd897 (base 15) in base 10?
-5158942
-201722 (base 11) to base 7
-2520331
Convert 2889534 (base 13) to base 5.
11243414421
What is 24234 (base 7) in base 10?
6297
1240133024 (base 5) to base 9
5661824
What is 826327 (base 9) in base 7?
4111012
2445753 (base 8) to base 6
22244015
330868 (base 11) to base 4
2000323312
-10000111111001000000 (base 2) to base 10
-556608
Convert -9a3aa12 (base 11) to base 5.
-14002104030
Convert 1010011110010011010 (base 2) to base 3.
122102202220
What is 364815 (base 9) in base 13?
79241
What is 843023 (base 9) in base 16?
7a46c
Convert -12102210111210 (base 3) to base 7.
-33362622
1e3c93 (base 15) to base 8
5514600
Convert -3198a4 (base 13) to base 16.
-11c1b3
-63885 (base 11) to base 10
-92900
What is -5152151 (base 6) in base 5?
-30414120
-573451 (base 9) to base 12
-146b01
Convert -3e41ad (base 16) to base 14.
-782c7b
-10000010111001000011 (base 2) to base 13
-15a04b
Convert 200213132 (base 4) to base 12.
65392
220434220 (base 6) to base 13
a86282
-3018636 (base 9) to base 3
-10000122201020
What is 3a529 (base 11) in base 6?
1123525
Convert -27751 (base 8) to base 6.
-132441
What is -53044361 (base 7) in base 16?
-446324
22a42b (base 12) to base 10
557027
-31100213 (base 5) to base 8
-756377
-1398c (base 14) to base 11
-33514
What is -3ace8 (base 15) in base 8?
-560177
-7b0165 (base 12) to base 6
-110121005
What is -112021202 (base 5) in base 11?
-312803
-54500214 (base 6) to base 4
-12030302302
Convert 11401414 (base 6) to base 13.
c6c97
Convert -1100010010111101111111 (base 2) to base 8.
-14227577
3402142 (base 5) to base 12
2a648
327189 (base 14) to base 2
110100001011100000101
What is 540a34 (base 12) in base 11?
828204
Convert -515224 (base 7) to base 4.
-111203023
49b001 (base 14) to base 2
1001101000111111111001
Convert -200232220 (base 4) to base 10.
-134056
Convert 23010114 (base 5) to base 9.
340476
-13302e4 (base 15) to base 9
-28005217
Convert 1751427 (base 8) to base 3.
222001102021
What is 20b30 (base 12) in base 14?
119c0
Convert -18b2d4 (base 15) to base 2.
-100100101011111100101
Convert -4c8a3 (base 13) to base 9.
-235821
What is 3015638 (base 10) in base 11?
177a76a
Convert 5990c (base 13) to base 4.
220010033
Convert -152767 (base 8) to base 11.
-38176
-932808 (base 11) to base 14
-2ad7c0
-e49d (base 15) to base 14
-1385c
-210310102 (base 6) to base 4
-31332133112
Convert -3145351 (base 6) to base 14.
-40267
What is 3330103113 (base 4) in base 7?
11532630
What is -132130132111 (base 4) in base 11?
-4561229
What is -2164556 (base 9) in base 11?
-726040
11e0a (base 15) to base 14
16b8c
Convert a429b (base 16) to base 15.
d4376
Convert -122001202222 (base 3) to base 14.
-8a5b4
Convert 2022150 (base 8) to base 11.
3349a9
What is 8784106 (base 10) in base 3?
121112021112021
60537103 (base 8) to base 10
12762691
Convert 4003142 (base 5) to base 10.
62922
What is -12025731 (base 8) in base 14?
-4c75d7
What is 1041100 (base 8) in base 12?
115628
-87864 (base 9) to base 10
-58297
Convert 3204024 (base 8) to base 15.
11d0ab
-526aa6 (base 14) to base 13
-766560
4426040 (base 8) to base 11
743857
Convert -5aa65 (base 16) to base 13.
-100008
Convert -45884 (base 9) to base 13.
-10c1b
What is -57155 (base 12) in base 5?
-12202420
Convert -30144043 (base 8) to base 4.
-120030200203
Convert -7da803 (base 14) to base 15.
-59c0c7
-4266501 (base 8) to base 10
-1142081
Convert 21304103 (base 6)